t is the highest common factor of 7208 and 7857992?
424
What is the greatest common factor of 82584 and 46689264?
2664
What is the greatest common factor of 5544009 and 3205?
641
What is the highest common factor of 12060 and 42425070?
2010
What is the greatest common factor of 11326 and 45567734?
1618
Calculate the highest common factor of 5764096 and 2099617.
5629
What is the greatest common factor of 50946403 and 46?
23
What is the greatest common factor of 5705283 and 10351?
941
What is the greatest common factor of 140092992 and 477?
477
What is the highest common divisor of 3790 and 45030885?
1895
What is the greatest common factor of 171948 and 78568?
644
Calculate the highest common divisor of 304 and 15286296.
8
Calculate the greatest common divisor of 1774464 and 3968.
128
Calculate the highest common divisor of 13319 and 798439.
701
Calculate the highest common factor of 3649 and 19438674.
41
Calculate the greatest common divisor of 2200590 and 457583.
3493
Calculate the greatest common divisor of 40296825 and 9.
9
What is the greatest common factor of 26496 and 21744?
144
What is the highest common divisor of 74166198 and 651?
93
Calculate the greatest common divisor of 5707054 and 39262.
586
What is the highest common divisor of 7815333 and 2766?
1383
Calculate the greatest common divisor of 13788 and 31934157.
1149
What is the greatest common factor of 1500 and 8565?
15
What is the greatest common divisor of 691085 and 1289165?
445
Calculate the highest common factor of 284672 and 1529.
139
Calculate the highest common factor of 1793 and 18887.
11
Calculate the highest common factor of 677613 and 759.
3
Calculate the highest common divisor of 1582 and 12590347.
791
What is the greatest common divisor of 55 and 827381995?
55
What is the greatest common divisor of 131242 and 59502?
422
Calculate the greatest common factor of 186 and 5951754.
6
What is the highest common divisor of 93 and 949375?
31
Calculate the greatest common factor of 1365889 and 4487.
7
What is the greatest common divisor of 10922 and 597154?
254
Calculate the highest common factor of 2328670 and 144910.
3370
What is the greatest common divisor of 68453872 and 4?
4
Calculate the greatest common divisor of 834 and 315293144.
278
Calculate the greatest common divisor of 2714343 and 3.
3
Calculate the highest common divisor of 3546729 and 2867172.
9309
Calculate the highest common divisor of 47360 and 362240.
1280
What is the highest common factor of 171418 and 44859?
19
Calculate the highest common factor of 1535580 and 25992.
684
What is the highest common divisor of 1036 and 599400?
148
What is the greatest common factor of 302845 and 25900?
185
Calculate the highest common factor of 20548 and 10580.
4
What is the greatest common factor of 10298 and 53162?
38
Calculate the highest common divisor of 2662 and 25795.
11
Calculate the highest common divisor of 1278 and 6389219.
71
What is the greatest common divisor of 19673529 and 8214?
111
What is the highest common divisor of 7868835 and 65?
65
What is the greatest common divisor of 1405536263 and 2423?
2423
What is the greatest common factor of 142 and 8611661?
71
Calculate the greatest common factor of 17253 and 12366.
27
Calculate the greatest common divisor of 8954374 and 234.
26
Calculate the greatest common factor of 454974 and 252928.
494
What is the highest common divisor of 278 and 1249315042?
278
Calculate the highest common divisor of 7954806 and 361.
19
Calculate the highest common divisor of 613598987 and 50872.
6359
What is the greatest common divisor of 3815025 and 75?
75
Calculate the greatest common divisor of 5324 and 19511129.
1331
Calculate the highest common divisor of 3786400 and 48.
16
Calculate the greatest common divisor of 112517 and 6697.
37
Calculate the greatest common divisor of 640 and 1038976.
128
What is the greatest common factor of 9031 and 33661?
821
What is the greatest common factor of 4983 and 57953951?
1661
Calculate the greatest common factor of 52188 and 1752.
12
Calculate the greatest common divisor of 111972352 and 8192.
4096
What is the highest common divisor of 4497782 and 1394?
82
What is the highest common divisor of 1664565 and 9213?
249
What is the greatest common divisor of 49251699 and 74?
37
Calculate the greatest common divisor of 649 and 47950067.
649
Calculate the highest common divisor of 22335 and 1037775.
15
Calculate the greatest common factor of 111016065 and 165.
15
What is the greatest common divisor of 209 and 757397?
19
What is the highest common divisor of 3202443 and 1836?
459
What is the highest common factor of 121923 and 18538?
713
What is the highest common factor of 3 and 5857347?
3
What is the greatest common factor of 541746 and 144?
18
What is the highest common divisor of 9022 and 2653162?
694
Calculate the highest common factor of 845206 and 17.
17
Calculate the greatest common divisor of 210885126 and 62.
62
What is the highest common factor of 424855 and 126945?
155
Calculate the greatest common factor of 20 and 21326450.
10
What is the greatest common divisor of 1365838435 and 18265?
18265
What is the greatest common factor of 30163 and 961527?
217
Calculate the greatest common factor of 4921020 and 350.
10
What is the greatest common factor of 36578 and 2450?
2
What is the highest common divisor of 5852 and 2023070?
14
Calculate the highest common factor of 388548 and 13648878.
4518
Calculate the highest common divisor of 49067480 and 2937.
979
What is the greatest common divisor of 2463 and 1821509187?
2463
Calculate the greatest common divisor of 4947315439 and 11.
11
What is the greatest common factor of 1297716 and 60816?
84
What is the highest common factor of 417 and 1535533?
139
Calculate the highest common divisor of 4279538 and 39514.
1718
What is the greatest common factor of 530914756 and 388?
388
Calculate the highest common divisor of 2673 and 489467.
11
Calculate the highest common factor of 19 and 1228758595.
19
What is the highest common divisor of 370 and 4340?
10
Calculate the highest common divisor of 20776 and 1626093.
371
What is the highest common factor of 494 and 1684672886?
494
Calculate the highest common factor of 187783043 and 343.
49
Calculate the greatest common divisor of 217301 and 28231.
259
Calculate the highest common factor of 1066475 and 32362.
1471
What is the greatest common factor of 109000 and 2428520?
4360
Calculate the greatest common factor of 252590 and 1120270.
290
What is the greatest common factor of 629 and 352930013?
629
Calculate the highest common divisor of 666996 and 98186.
22
What is the highest common factor of 83901235 and 5?
5
Calculate the greatest common divisor of 970 and 768960.
10
Calculate the highest common divisor of 41059 and 19507347.
2161
What is the highest common divisor of 5340 and 2357892?
12
Calculate the greatest common divisor of 44540 and 919751.
2227
What is the greatest common divisor of 31373058 and 3?
3
What is the greatest common divisor of 6010109 and 5905?
1181
Calculate the highest common divisor of 1021354944 and 2784.
2784
What is the greatest common divisor of 155753217 and 27?
9
Calculate the highest common factor of 545760 and 174780.
180
What is the greatest common factor of 85 and 143273705?
85
Calculate the greatest common divisor of 4150876 and 12384.
172
What is the greatest common factor of 62748 and 306684?
252
Calculate the greatest common factor of 9818 and 1500.
2
What is the highest common divisor of 871897 and 1639313?
611
What is the highest common factor of 198 and 7291108?
22
Calculate the highest common divisor of 656 and 3570321.
41
What is the highest common factor of 357469264 and 16?
16
Calculate the highest common factor of 6048 and 13699872.
288
What is the greatest common factor of 199982315 and 29380?
7345
What is the greatest common factor of 48 and 888560?
16
What is the greatest common divisor of 1524278 and 189?
7
What is the highest common factor of 513 and 29964045?
57
Calculate the greatest common factor of 1737487322 and 524.
262
Calculate the highest common factor of 37869 and 214864.
13
Calculate the highest common divisor of 947036 and 3078.
38
What is the highest common factor of 2 and 419869?
1
Calculat